
False
Is 2070 a factor of 242133567?
False
Is 1956009741 a multiple of 227?
True
Is 42 a factor of 225766586?
False
Is 379 a factor of 6756125?
False
Is 54628979 a multiple of 658?
False
Is 129 a factor of 34655592?
True
Is 215582464 a multiple of 191?
True
Is 35632197 a multiple of 9?
True
Is 135 a factor of 114445710?
True
Is 122231734 a multiple of 1124?
False
Is 1480180244 a multiple of 109?
False
Is 61 a factor of 82940271?
False
Is 7332912 a multiple of 8?
True
Is 3 a factor of 2293698?
True
Is 60 a factor of 1737312?
False
Is 203239270 a multiple of 115?
True
Does 20 divide 341019715?
False
Does 108 divide 524486814?
False
Is 15 a factor of 144207434?
False
Does 1382 divide 63984016?
False
Is 656 a factor of 63818053?
False
Is 279455190 a multiple of 2490?
True
Is 28059504 a multiple of 304?
True
Is 45879019 a multiple of 53?
False
Does 3479 divide 239470007?
True
Is 48 a factor of 30183320?
False
Does 573 divide 8777831?
False
Is 3322 a factor of 2211777634?
True
Does 11 divide 496542?
False
Is 29 a factor of 59628437?
True
Is 138681794 a multiple of 287?
False
Is 116 a factor of 526679411?
False
Is 6173 a factor of 1830572285?
True
Is 46 a factor of 133891852?
False
Is 258 a factor of 1029162?
True
Is 461 a factor of 32064202?
False
Is 864133169 a multiple of 25?
False
Does 428 divide 126361436?
True
Does 2986 divide 1265088902?
False
Does 3 divide 1461869?
False
Does 182 divide 18300464?
True
Is 832419104 a multiple of 285?
False
Is 87329999 a multiple of 148?
False
Is 997 a factor of 3503397651?
False
Is 48523430 a multiple of 528?
False
Does 2568 divide 62692584?
True
Is 7084548380 a multiple of 20?
True
Is 137 a factor of 20488096?
False
Is 518 a factor of 835504623?
False
Is 3404 a factor of 3561950288?
False
Is 658523414 a multiple of 102?
False
Does 123 divide 772407405?
True
Does 10 divide 5902475?
False
Is 6554533 a multiple of 18?
False
Is 152012460 a multiple of 1605?
False
Is 55 a factor of 17391495?
True
Is 519 a factor of 106005077?
False
Is 528016882 a multiple of 79?
True
Is 274 a factor of 117190622?
True
Is 16673375 a multiple of 125?
True
Does 115 divide 3370883910?
True
Is 105284592 a multiple of 4172?
True
Is 1655 a factor of 2198036327?
False
Does 206 divide 1613873?
False
Is 70613928 a multiple of 36?
True
Is 545594624 a multiple of 1486?
False
Is 240 a factor of 4032930240?
True
Is 289444631 a multiple of 4116?
False
Does 596 divide 156433151?
False
Does 49 divide 208670910?
True
Is 3724758 a multiple of 138?
True
Does 68 divide 355352194?
False
Is 55571040 a multiple of 1260?
True
Is 104014960 a multiple of 281?
True
Is 199412784 a multiple of 33?
False
Is 527 a factor of 273866331?
False
Is 275155125 a multiple of 3885?
True
Does 44 divide 149434556?
False
Is 977150 a multiple of 10?
True
Is 1012128317 a multiple of 42?
False
Is 11 a factor of 40349306?
False
Is 5516 a factor of 1236924388?
True
Is 4653160 a multiple of 7?
False
Does 153 divide 1643855715?
True
Is 35227742 a multiple of 60?
False
Is 2 a factor of 606547?
False
Is 4316028 a multiple of 247?
False
Does 1172 divide 11168218?
False
Is 972776434 a multiple of 166?
True
Does 397 divide 130264?
False
Is 8 a factor of 124132536?
True
Is 1921863605 a multiple of 13?
False
Does 284 divide 65052756?
True
Is 71026329 a multiple of 3814?
False
Does 5 divide 498226342?
False
Does 51 divide 176223858?
False
Is 5240532 a multiple of 74?
True
Is 180 a factor of 173741580?
True
Does 100 divide 151446800?
True
Does 626 divide 563993348?
False
Is 11765376 a multiple of 8?
True
Is 2389 a factor of 136209306?
False
Does 42 divide 53560034?
False
Is 12 a factor of 1131517356?
True
Is 63543835 a multiple of 1437?
False
Is 683 a factor of 362532302?
True
Is 10213780 a multiple of 1103?
True
Is 101381808 a multiple of 88?
True
Is 17131648 a multiple of 3?
False
Does 916 divide 12334214?
False
Does 137 divide 2163723611?
True
Is 259 a factor of 404050101?
True
Is 4 a factor of 168934?
False
Does 296 divide 41663184?
True
Is 578658782 a multiple of 2868?
False
Does 6 divide 31771926?
True
Does 7 divide 23005563?
True
Is 130 a factor of 8522020?
True
Is 15 a factor of 14931390?
True
Does 24 divide 118242710?
False
Does 168 divide 437656128?
True
Is 1182 a factor of 2237022968?
False
Is 1057 a factor of 17954419?
False
Is 28 a factor of 5501487?
False
Is 295965598 a multiple of 12?
False
Does 38 divide 43700722?
True
Is 161 a factor of 1148541156?
True
Does 121 divide 2518494?
True
Does 6 divide 50718340?
False
Is 353 a factor of 5489150?
True
Is 805796984 a multiple of 118?
True
Is 243 a factor of 51894837?
True
Is 5343 a factor of 469885311?
False
Does 335 divide 6629385419?
False
Does 9298 divide 3599451058?
True
Does 1209 divide 83655546?
True
Is 794221618 a multiple of 134?
True
Is 1919319864 a multiple of 62?
True
Is 849467010 a multiple of 14?
True
Is 526 a factor of 11994826?
False
Does 827 divide 11427486?
True
Is 803 a factor of 314290484?
False
Does 8 divide 59140154?
False
Does 41 divide 23490089?
True
Is 218123510 a multiple of 1993?
False
Does 87 divide 7298256?
True
Does 3509 divide 1395690714?
True
Does 1379 divide 595062814?
False
Does 2435 divide 561317519?
False
Is 3083449 a multiple of 811?
False
Does 98 divide 9569112?
True
Is 724497193 a multiple of 1229?
False
Is 38 a factor of 603457607?
False
Is 1459032166 a multiple of 506?
False
Does 83 divide 281666061?
True
Is 38 a factor of 18652832?
True
Is 494 a factor of 1251235583?
False
Is 3 a factor of 5389249?
False
Is 72331275 a multiple of 25?
True
Does 7 divide 25583443?
False
Is 28295858 a multiple of 68?
False
Is 34 a factor of 305817658?
True
Is 147697104 a multiple of 486?
False
Is 158501915 a multiple of 155?
True
Is 12846354 a multiple of 221?
False
Is 2872 a factor of 580034999?
False
Does 22 divide 359535832?
False
Does 1831 divide 812687037?
False
Does 351 divide 49763376?
True
Is 5033325 a multiple of 120?
False
Is 91868839 a multiple of 238?
False
Does 32 divide 2708982?
False
Is 251319030 a multiple of 1905?
True
Is 31100800 a multiple of 8?
True
Is 336231819 a multiple of 231?
True
Is 724 a factor of 1938409?
False
Does 5 divide 146275390?
True
Is 3270369 a multiple of 36?
False
Does 745 divide 263470334?
False
Is 124 a factor of 15639729?
False
Is 18 a factor of 5123592?
True
Is 121238704 a multiple of 214?
True
Is 716825152 a multiple of 496?
True
Is 308 a factor of 1824422600?
True
Does 3467 divide 1912909664?
False
Is 25 a factor of 37226204?
False
Is 290188940 a multiple of 430?
True
Does 31 divide 47487660?
True
Does 1357 divide 31452546?
True
Is 145154400 a multiple of 186?
True
Does 153 divide 132905787?
False
Is 3338 a factor of 2760596?
False
Does 128 divide 93290101?
False
Is 1993 a factor of 32315920?
False
Does 9 divide 60038478?
True
Is 1156357425 a multiple of 145?
False
Is 102023561 a multiple of 747?
False
Is 8 a factor of 69420047?
False
Is 21 a factor of 130373655?
False
Does 185 divide 35388570?
False
Does 117 divide 15810795?
True
Is 13 a factor of 38974286?
True
Does 4888 divide 2289045512?
True
Is 14027783 a multiple of 17?
False
Is 12 a factor of 5070459?
False
Is 85 a factor of 134537583?
False
Is 436 a factor of 2424358129?
False
Does 400 divide 53254400?
True
Is 430491 a multiple of 69?
True
Is 5 a factor of 19221185?
True
Does 19 divide 14326741?
True
Is 3233 a factor of 4064952411?
False
Does 20 divide 62955920?
True
Is 23480250 a multiple of 30?
True
Does 1326 divide 42579447?
False
Is 2725351611 a multiple of 792?
False
Does 74 divide 356174025?
False
Does 80 divide 177503040?
True
Does 19 divide 204155775?
False
Does 7 divide 50544200?
True
Is 289793537 a multiple of 26?
False
Does 1884 divide 83212512?
True
Is 423181360 a multiple of 7?
True
Is 1270804412 a multiple of 273?
False
Does 50 divide 348739364?
False
Is 36256520 a multiple of 5?
True
Is 2892 a factor of 522110112?
True
Is 307 a factor of 148164033?
True
Is 4 a factor of 178945996?
True
Is 30 a factor of 26657010?
True
Is 15 a factor of 26155035?
True
Is 2628210695 a multiple of 55?
True
Is 42 a factor of 157014732?
True
Is 30 a factor of 5186538927?
False
Does 23 divide 91791183?
True
Is 33 a factor of 77452271?
False
Is 25144885 a multiple of 1554?
False
Is 196770508 a multiple of 345?
